{"id":937,"date":"2014-02-20T13:11:37","date_gmt":"2014-02-20T12:11:37","guid":{"rendered":"http:\/\/deserteursdenkmal.at\/wordpress\/?page_id=937"},"modified":"2017-01-12T23:59:11","modified_gmt":"2017-01-12T22:59:11","slug":"kuenstler-dichter","status":"publish","type":"page","link":"https:\/\/deserteursdenkmal.at\/wordpress\/1-hintergrund\/kuenstler-dichter\/","title":{"rendered":"K\u00fcnstler &#038; Werk"},"content":{"rendered":"<h1><span style=\"color: #cca758;\">PROJEKT\u00a0 \u00bbX\u00ab &#8230;<\/span><\/h1>\n<p>St\u00e4rke, Kraft und Intellekt des Werkes haben die Jury vollends \u00fcberzeugt \u2013\u00a0mit Projekt \u00bbX\u00ab hat der deutsche K\u00fcnstler Olaf\u00a0Nicolai f\u00fcr den Ballhausplatz eine blaue Betonskulptur in\u00a0Form eines liegenden X entworfen. Auf der obersten der drei Stufen\u00a0steht in verzinkten Stahlbuchstaben die Inschrift \u00bball alone\u00ab \u2013 ein\u00a0Zitat des schottischen Lyrikers Ian Hamilton Finlay, das von oben zu lesen ist.\u00a0Der Bezug zu den Verfolgten der NS-Milit\u00e4rjustiz und damit zum\u00a0Umgang mit der Vergangenheit als auch zur Rehabilitierung der Wehrmachtsdeserteure und Verfolgten der\u00a0NS-Milit\u00e4rjustiz soll Ansto\u00df f\u00fcr ein gegenw\u00e4rtiges\u00a0zivilgesellschaftliches Engagement geben. Genau daf\u00fcr steht Olaf\u00a0Nicolais pr\u00e4gnanter Entwurf.\u00a0Seine Skulptur setzt an einem zentralen Ort der Republik\u00a0ein \u00fcberzeugendes kritisches k\u00fcnstlerisches Zeichen der Zivilcourage,\u00a0das zugleich universal lesbar ist.\u00a0Ein Symbol daf\u00fcr, dass die Vergangenheit Herausforderung f\u00fcr die\u00a0<span style=\"color: #333333; font-style: normal; line-height: 24.375px;\">Gegenwart ist.<\/span><\/p>\n<h1><span style=\"color: #cca758;\">&#8230; VON OLAF NICOLAI.<\/span><\/h1>\n<p>1962 in Halle\/Saale geboren, lebt und arbeitet Olaf Nicolai in Berlin. Von\u00a0einem konzeptuellen Ansatz ausgehend, arbeitet er mit unterschiedlichsten Medien und nutzt Objekte und deren materielle Formen, um Reflexionsprozesse anzuregen.\u00a0Seit 1997 enstehen unterschiedlichste interdisziplin\u00e4re Arbeiten, die h\u00e4ufig historische oder soziale Gegebenheiten des Ausstellungsorts mit einbeziehen.\u00a0Nicolai ist seit den 90er Jahren mit zahlreichen Gruppen- oder Einzelausstellungen an fast allen wichtigen Orten des zeitgen\u00f6ssischen Kunstgeschehens pr\u00e4sent, so auf der Documenta X (1997), auf den Biennalen von Venedig 2001 und 2005.\u00a0Er erh\u00e4lt mehrere Stipendien, darunter das der Villa Massimo in Rom (1998) und mehrere Preise, wie 2002 den Kunstpreis der Stadt Wolfsburg.<a href=\"http:\/\/www.eigen-art.com\/index.php?article_id=82&amp;clang=0\" target=\"_blank\">\u00a0<\/a><\/p>\n<p><a href=\"http:\/\/www.eigen-art.com\/index.php?article_id=82&amp;clang=0\" target=\"_blank\">Mehr Informationen zu Olaf Nicolai<\/a><\/p>\n<p><a href=\"http:\/\/deserteursdenkmal.at\/wordpress\/wp-content\/uploads\/2014\/02\/Alton-Nicolai-Interview-Ballhausplatz.pdf\">Interview von Juliane Alton mit Olaf Nicolau zum Denkmal am Ballhausplatz <\/a>(\u00bbBevor es verwahrlost, muss man es wegr\u00e4umen\u00ab), abgedruckt in: <a href=\"http:\/\/www.wallstein-verlag.de\/9783835318236-verliehen-fuer-die-flucht-vor-den-fahnen.html\">Alton, Juliane; Geldmacher, Thomas; Koch, Magnus; Metzler, Hannes (Hg.): \u00bbVerliehen f\u00fcr die Flucht von den Fahnen\u00ab. Das Wiener Denkmal f\u00fcr die Verfolgten der NS-Milit\u00e4rjustiz, Wien 2016<\/a>.<\/p>\n<div id=\"attachment_4267\" style=\"width: 250px\" class=\"wp-caption alignleft\"><a href=\"http:\/\/deserteursdenkmal.at\/wordpress\/wp-content\/uploads\/2014\/02\/9783835318236l.png\"><img aria-describedby=\"caption-attachment-4267\" loading=\"lazy\" class=\"size-full wp-image-4267 \" title=\"Publikation zum Denkmal Quelle Wallstein Verlag\" alt=\"Publikation zum Denkmal Quelle Wallstein Verlag\" src=\"http:\/\/deserteursdenkmal.at\/wordpress\/wp-content\/uploads\/2014\/02\/9783835318236l.png\" width=\"240\" height=\"283\" \/><\/a><p id=\"caption-attachment-4267\" class=\"wp-caption-text\">Publikation zum Denkmal Quelle<br \/>Wallstein Verlag<\/p><\/div>\n ","protected":false},"excerpt":{"rendered":"<p>PROJEKT\u00a0 \u00bbX\u00ab &#8230; St\u00e4rke, Kraft und Intellekt des Werkes haben die Jury vollends \u00fcberzeugt \u2013\u00a0mit Projekt \u00bbX\u00ab hat der deutsche K\u00fcnstler Olaf\u00a0Nicolai f\u00fcr den Ballhausplatz eine blaue Betonskulptur in\u00a0Form eines liegenden X entworfen. Auf der obersten der drei Stufen\u00a0steht in &hellip; <a href=\"https:\/\/deserteursdenkmal.at\/wordpress\/1-hintergrund\/kuenstler-dichter\/\">Weiterlesen <span class=\"meta-nav\">&rarr;<\/span><\/a><\/p>\n","protected":false},"author":1,"featured_media":0,"parent":616,"menu_order":0,"comment_status":"closed","ping_status":"closed","template":"sidebar-page.php","meta":[],"categories":[],"tags":[91,99],"_links":{"self":[{"href":"https:\/\/deserteursdenkmal.at\/wordpress\/wp-json\/wp\/v2\/pages\/937"}],"collection":[{"href":"https:\/\/deserteursdenkmal.at\/wordpress\/wp-json\/wp\/v2\/pages"}],"about":[{"href":"https:\/\/deserteursdenkmal.at\/wordpress\/wp-json\/wp\/v2\/types\/page"}],"author":[{"embeddable":true,"href":"https:\/\/deserteursdenkmal.at\/wordpress\/wp-json\/wp\/v2\/users\/1"}],"replies":[{"embeddable":true,"href":"https:\/\/deserteursdenkmal.at\/wordpress\/wp-json\/wp\/v2\/comments?post=937"}],"version-history":[{"count":30,"href":"https:\/\/deserteursdenkmal.at\/wordpress\/wp-json\/wp\/v2\/pages\/937\/revisions"}],"predecessor-version":[{"id":4269,"href":"https:\/\/deserteursdenkmal.at\/wordpress\/wp-json\/wp\/v2\/pages\/937\/revisions\/4269"}],"up":[{"embeddable":true,"href":"https:\/\/deserteursdenkmal.at\/wordpress\/wp-json\/wp\/v2\/pages\/616"}],"wp:attachment":[{"href":"https:\/\/deserteursdenkmal.at\/wordpress\/wp-json\/wp\/v2\/media?parent=937"}],"wp:term":[{"taxonomy":"category","embeddable":true,"href":"https:\/\/deserteursdenkmal.at\/wordpress\/wp-json\/wp\/v2\/categories?post=937"},{"taxonomy":"post_tag","embeddable":true,"href":"https:\/\/deserteursdenkmal.at\/wordpress\/wp-json\/wp\/v2\/tags?post=937"}],"curies":[{"name":"wp","href":"https:\/\/api.w.org\/{rel}","templated":true}]}}

Künstler &#038; Werk

<h1><span style="color: #cca758;">PROJEKT  »X« &#8230;</span></h1>
<p>Stärke, Kraft und Intellekt des Werkes haben die Jury vollends überzeugt – mit Projekt »X« hat der deutsche Künstler Olaf Nicolai für den Ballhausplatz eine blaue Betonskulptur in Form eines liegenden X entworfen. Auf der obersten der drei Stufen steht in verzinkten Stahlbuchstaben die Inschrift »all alone« – ein Zitat des schottischen Lyrikers Ian Hamilton Finlay, das von oben zu lesen ist. Der Bezug zu den Verfolgten der NS-Militärjustiz und damit zum Umgang mit der Vergangenheit als auch zur Rehabilitierung der Wehrmachtsdeserteure und Verfolgten der NS-Militärjustiz soll Anstoß für ein gegenwärtiges zivilgesellschaftliches Engagement geben. Genau dafür steht Olaf Nicolais prägnanter Entwurf. Seine Skulptur setzt an einem zentralen Ort der Republik ein überzeugendes kritisches künstlerisches Zeichen der Zivilcourage, das zugleich universal lesbar ist. Ein Symbol dafür, dass die Vergangenheit Herausforderung für die <span style="color: #333333; font-style: normal; line-height: 24.375px;">Gegenwart ist.</span></p>
<h1><span style="color: #cca758;">&#8230; VON OLAF NICOLAI.</span></h1>
<p>1962 in Halle/Saale geboren, lebt und arbeitet Olaf Nicolai in Berlin. Von einem konzeptuellen Ansatz ausgehend, arbeitet er mit unterschiedlichsten Medien und nutzt Objekte und deren materielle Formen, um Reflexionsprozesse anzuregen. Seit 1997 enstehen unterschiedlichste interdisziplinäre Arbeiten, die häufig historische oder soziale Gegebenheiten des Ausstellungsorts mit einbeziehen. Nicolai ist seit den 90er Jahren mit zahlreichen Gruppen- oder Einzelausstellungen an fast allen wichtigen Orten des zeitgenössischen Kunstgeschehens präsent, so auf der Documenta X (1997), auf den Biennalen von Venedig 2001 und 2005. Er erhält mehrere Stipendien, darunter das der Villa Massimo in Rom (1998) und mehrere Preise, wie 2002 den Kunstpreis der Stadt Wolfsburg.<a href="http://www.eigen-art.com/index.php?article_id=82&amp;clang=0" target="_blank"> </a></p>
<p><a href="http://www.eigen-art.com/index.php?article_id=82&amp;clang=0" target="_blank">Mehr Informationen zu Olaf Nicolai</a></p>
<p><a href="http://deserteursdenkmal.at/wordpress/wp-content/uploads/2014/02/Alton-Nicolai-Interview-Ballhausplatz.pdf">Interview von Juliane Alton mit Olaf Nicolau zum Denkmal am Ballhausplatz </a>(»Bevor es verwahrlost, muss man es wegräumen«), abgedruckt in: <a href="http://www.wallstein-verlag.de/9783835318236-verliehen-fuer-die-flucht-vor-den-fahnen.html">Alton, Juliane; Geldmacher, Thomas; Koch, Magnus; Metzler, Hannes (Hg.): »Verliehen für die Flucht von den Fahnen«. Das Wiener Denkmal für die Verfolgten der NS-Militärjustiz, Wien 2016</a>.</p>
<div id="attachment_4267" style="width: 250px" class="wp-caption alignleft"><a href="http://deserteursdenkmal.at/wordpress/wp-content/uploads/2014/02/9783835318236l.png"><img aria-describedby="caption-attachment-4267" loading="lazy" class="size-full wp-image-4267 " title="Publikation zum Denkmal Quelle Wallstein Verlag" alt="Publikation zum Denkmal Quelle Wallstein Verlag" src="http://deserteursdenkmal.at/wordpress/wp-content/uploads/2014/02/9783835318236l.png" width="240" height="283" /></a><p id="caption-attachment-4267" class="wp-caption-text">Publikation zum Denkmal Quelle<br />Wallstein Verlag</p></div>

<p>PROJEKT  »X« &#8230; Stärke, Kraft und Intellekt des Werkes haben die Jury vollends überzeugt – mit Projekt »X« hat der deutsche Künstler Olaf Nicolai für den Ballhausplatz eine blaue Betonskulptur in Form eines liegenden X entworfen. Auf der obersten der drei Stufen steht in &hellip; <a href="https://deserteursdenkmal.at/wordpress/1-hintergrund/kuenstler-dichter/">Weiterlesen <span class="meta-nav">&rarr;</span></a></p>
