{"id":616,"date":"2014-02-17T15:58:31","date_gmt":"2014-02-17T14:58:31","guid":{"rendered":"http:\/\/deserteursdenkmal.at\/wordpress\/?page_id=616"},"modified":"2017-01-23T12:27:26","modified_gmt":"2017-01-23T11:27:26","slug":"1-hintergrund","status":"publish","type":"page","link":"https:\/\/deserteursdenkmal.at\/wordpress\/1-hintergrund\/","title":{"rendered":"Hintergrund"},"content":{"rendered":"<h1><a href=\"http:\/\/deserteursdenkmal.at\/wordpress\/background\"><img loading=\"lazy\" class=\"alignright  wp-image-4317\" alt=\"flag_uk\" src=\"http:\/\/deserteursdenkmal.at\/wordpress\/wp-content\/uploads\/2017\/01\/flag_uk.jpg\" width=\"27\" height=\"18\" \/><\/a> <a href=\"http:\/\/deserteursdenkmal.at\/wordpress\/3-verfolgung\/\"><img loading=\"lazy\" class=\"alignright  wp-image-4316\" alt=\"flag_at\" src=\"http:\/\/deserteursdenkmal.at\/wordpress\/wp-content\/uploads\/2017\/01\/flag_at.jpg\" width=\"27\" height=\"18\" \/><\/a><\/h1>\n<p><span style=\"color: #ffffff;\">BESCHLUSS<\/span><\/p>\n<h1><strong>Der Beschluss zum Wiener Denkmal ist Teil der <a href=\"http:\/\/www.wien.gv.at\/politik\/strategien-konzepte\/regierungsuebereinkommen-2010\" target=\"_blank\">\u00dcbereinkunft der rot-gr\u00fcnen Koalition aus dem Jahre 2010<\/a>.. Rund ein Jahr sp\u00e4ter, im November 2011 kommt in der Magistratsabteilung 7 (Kultur) eine ExpertInnengruppe zusammen, um \u00fcber die Eckpunkte des Projekts zu beraten. Drei Unteraussch\u00fcsse werden gebildet, eine zur Erarbeitung eines <i>Mission Statements<\/i>, eine zur Bestimmung des Denkmalstandorts und eine f\u00fcr die Nachnutzung des Denkmals nach Er\u00f6ffnung.<\/strong><\/h1>\n<p>Nach sorgf\u00e4ltiger Pr\u00fcfung einer Reihe von Standorten wird ein weiteres Jahr sp\u00e4ter, im Oktober 2012, der Ballhausplatz als k\u00fcnftiger Gedenkort bekannt gegeben. Die MA 7 beauftragt die st\u00e4dtische <i>Kunst im \u00d6ffentlichen Raum<\/i> <i>GmbH <\/i>mit der Abwicklung eines K\u00fcnstlerInnenwettbewerbs, der im Fr\u00fchjahr 2013 durchgef\u00fchrt wird. Am 27. Juni f\u00e4llt eine Jury die Entscheidung: Der Berliner K\u00fcnstler Olaf Nicolai erh\u00e4lt den Auftrag, seinen Entwurf umzusetzen.<\/p>\n<p>Die ersten Gedenkinitiativen f\u00fcr \u00f6sterreichische Opfer der NS-Milit\u00e4rjustiz gehen vor allem auf die Angeh\u00f6rigen zur\u00fcck. Aus Scham oder Angst vor den Folgen blieb die Trauer auf Gedenksteinen jedoch privat. Ab den 1990er Jahren lancierten AktivistInnen aus dem Umfeld der Friedensbewegung erste politische Initiativen f\u00fcr ein Deserteursgedenken. Eine Gruppe Studierender an der Universit\u00e4t Wien machte sich um die Jahrtausendwende erstmals an die historische Erforschung der NS-Milit\u00e4rgerichtsbarkeit. Im Auftrag des Nationalrates entstand eine grundlegende Studie, die den Ausgangspunkt f\u00fcr die sp\u00e4tere Gesetzgebung bildete. Im Oktober 2009 beschlossen SP\u00d6, \u00d6VP und Gr\u00fcne im Parlament das Aufhebungs- und Rehabilitationsgesetz; damit wurden alle Urteile der Wehrmachtsgerichte pauschal und umfassend aufgehoben. Auf Initiative der Gr\u00fcnen vereinbarte die rot-gr\u00fcne Stadtregierung ein Jahr sp\u00e4ter die Errichtung eines Deserteursdenkmals in Wien.<\/p>\n<p><em>Eine ausf\u00fchrliche Chronik des Denkmalprozesses vom Beschluss der rot-gr\u00fcnen Wiener Landesregierung bis zur Er\u00f6ffnung im Oktober 2014 finden Sie<\/em> <a href=\"http:\/\/deserteursdenkmal.at\/wordpress\/wp-content\/uploads\/2014\/02\/Ausf\u00fchrliche-Chronik-Denkmalprozess-2010-2014.pdf\">hier<\/a>.<\/p>\n<p><strong>\u00a0<\/strong><\/p>\n<p>&nbsp;<\/p>\n\n\t\t<style type=\"text\/css\">\n\t\t\t#gallery-1 {\n\t\t\t\tmargin: auto;\n\t\t\t}\n\t\t\t#gallery-1 .gallery-item {\n\t\t\t\tfloat: left;\n\t\t\t\tmargin-top: 10px;\n\t\t\t\ttext-align: center;\n\t\t\t\twidth: 33%;\n\t\t\t}\n\t\t\t#gallery-1 img {\n\t\t\t\tborder: 2px solid #cfcfcf;\n\t\t\t}\n\t\t\t#gallery-1 .gallery-caption {\n\t\t\t\tmargin-left: 0;\n\t\t\t}\n\t\t\t\/* see gallery_shortcode() in wp-includes\/media.php *\/\n\t\t<\/style>\n\t\t<div id='gallery-1' class='gallery galleryid-616 gallery-columns-3 gallery-size-thumbnail'><dl class='gallery-item'>\n\t\t\t<dt class='gallery-icon landscape'>\n\t\t\t\t<a href='https:\/\/deserteursdenkmal.at\/wordpress\/entstehungsgeschichte\/x_olaf-nicolai_zwischenstand-12022014-002\/'><img width=\"150\" height=\"150\" src=\"https:\/\/deserteursdenkmal.at\/wordpress\/wp-content\/uploads\/2014\/02\/X_Olaf-Nicolai_Zwischenstand-12022014-002-150x150.jpg\" class=\"attachment-thumbnail size-thumbnail\" alt=\"\" loading=\"lazy\" \/><\/a>\n\t\t\t<\/dt><\/dl><dl class='gallery-item'>\n\t\t\t<dt class='gallery-icon landscape'>\n\t\t\t\t<a href='https:\/\/deserteursdenkmal.at\/wordpress\/entstehungsgeschichte\/dsc04776\/'><img width=\"150\" height=\"150\" src=\"https:\/\/deserteursdenkmal.at\/wordpress\/wp-content\/uploads\/2014\/02\/DSC04776-150x150.jpg\" class=\"attachment-thumbnail size-thumbnail\" alt=\"\" loading=\"lazy\" \/><\/a>\n\t\t\t<\/dt><\/dl><dl class='gallery-item'>\n\t\t\t<dt class='gallery-icon landscape'>\n\t\t\t\t<a href='https:\/\/deserteursdenkmal.at\/wordpress\/entstehungsgeschichte\/dsc04774\/'><img width=\"150\" height=\"150\" src=\"https:\/\/deserteursdenkmal.at\/wordpress\/wp-content\/uploads\/2014\/02\/DSC04774-150x150.jpg\" class=\"attachment-thumbnail size-thumbnail\" alt=\"\" loading=\"lazy\" \/><\/a>\n\t\t\t<\/dt><\/dl><br style=\"clear: both\" \/><dl class='gallery-item'>\n\t\t\t<dt class='gallery-icon landscape'>\n\t\t\t\t<a href='https:\/\/deserteursdenkmal.at\/wordpress\/entstehungsgeschichte\/dsc04768\/'><img width=\"150\" height=\"150\" src=\"https:\/\/deserteursdenkmal.at\/wordpress\/wp-content\/uploads\/2014\/02\/DSC04768-150x150.jpg\" class=\"attachment-thumbnail size-thumbnail\" alt=\"\" loading=\"lazy\" \/><\/a>\n\t\t\t<\/dt><\/dl><dl class='gallery-item'>\n\t\t\t<dt class='gallery-icon landscape'>\n\t\t\t\t<a href='https:\/\/deserteursdenkmal.at\/wordpress\/home\/deserteursdenkmal-iii\/'><img width=\"150\" height=\"150\" src=\"https:\/\/deserteursdenkmal.at\/wordpress\/wp-content\/uploads\/2014\/02\/Deserteursdenkmal-III-150x150.jpg\" class=\"attachment-thumbnail size-thumbnail\" alt=\"\" loading=\"lazy\" \/><\/a>\n\t\t\t<\/dt><\/dl><dl class='gallery-item'>\n\t\t\t<dt class='gallery-icon portrait'>\n\t\t\t\t<a href='https:\/\/deserteursdenkmal.at\/wordpress\/home\/wiener-deserteursdenkmal-blaue-treppenskulptur-in-liegender-x-form\/'><img width=\"150\" height=\"150\" src=\"https:\/\/deserteursdenkmal.at\/wordpress\/wp-content\/uploads\/2014\/02\/Deserteursdenkmal-V-150x150.jpg\" class=\"attachment-thumbnail size-thumbnail\" alt=\"\" loading=\"lazy\" \/><\/a>\n\t\t\t<\/dt><\/dl><br style=\"clear: both\" \/>\n\t\t<\/div>\n\n ","protected":false},"excerpt":{"rendered":"<p>BESCHLUSS Der Beschluss zum Wiener Denkmal ist Teil der \u00dcbereinkunft der rot-gr\u00fcnen Koalition aus dem Jahre 2010.. Rund ein Jahr sp\u00e4ter, im November 2011 kommt in der Magistratsabteilung 7 (Kultur) eine ExpertInnengruppe zusammen, um \u00fcber die Eckpunkte des Projekts zu &hellip; <a href=\"https:\/\/deserteursdenkmal.at\/wordpress\/1-hintergrund\/\">Weiterlesen <span class=\"meta-nav\">&rarr;<\/span><\/a><\/p>\n","protected":false},"author":1,"featured_media":0,"parent":0,"menu_order":0,"comment_status":"closed","ping_status":"closed","template":"sidebar-page.php","meta":[],"categories":[],"tags":[],"_links":{"self":[{"href":"https:\/\/deserteursdenkmal.at\/wordpress\/wp-json\/wp\/v2\/pages\/616"}],"collection":[{"href":"https:\/\/deserteursdenkmal.at\/wordpress\/wp-json\/wp\/v2\/pages"}],"about":[{"href":"https:\/\/deserteursdenkmal.at\/wordpress\/wp-json\/wp\/v2\/types\/page"}],"author":[{"embeddable":true,"href":"https:\/\/deserteursdenkmal.at\/wordpress\/wp-json\/wp\/v2\/users\/1"}],"replies":[{"embeddable":true,"href":"https:\/\/deserteursdenkmal.at\/wordpress\/wp-json\/wp\/v2\/comments?post=616"}],"version-history":[{"count":22,"href":"https:\/\/deserteursdenkmal.at\/wordpress\/wp-json\/wp\/v2\/pages\/616\/revisions"}],"predecessor-version":[{"id":4333,"href":"https:\/\/deserteursdenkmal.at\/wordpress\/wp-json\/wp\/v2\/pages\/616\/revisions\/4333"}],"wp:attachment":[{"href":"https:\/\/deserteursdenkmal.at\/wordpress\/wp-json\/wp\/v2\/media?parent=616"}],"wp:term":[{"taxonomy":"category","embeddable":true,"href":"https:\/\/deserteursdenkmal.at\/wordpress\/wp-json\/wp\/v2\/categories?post=616"},{"taxonomy":"post_tag","embeddable":true,"href":"https:\/\/deserteursdenkmal.at\/wordpress\/wp-json\/wp\/v2\/tags?post=616"}],"curies":[{"name":"wp","href":"https:\/\/api.w.org\/{rel}","templated":true}]}}

<h1><a href="http://deserteursdenkmal.at/wordpress/background"><img loading="lazy" class="alignright  wp-image-4317" alt="flag_uk" src="http://deserteursdenkmal.at/wordpress/wp-content/uploads/2017/01/flag_uk.jpg" width="27" height="18" /></a> <a href="http://deserteursdenkmal.at/wordpress/3-verfolgung/"><img loading="lazy" class="alignright  wp-image-4316" alt="flag_at" src="http://deserteursdenkmal.at/wordpress/wp-content/uploads/2017/01/flag_at.jpg" width="27" height="18" /></a></h1>
<p><span style="color: #ffffff;">BESCHLUSS</span></p>
<h1><strong>Der Beschluss zum Wiener Denkmal ist Teil der <a href="http://www.wien.gv.at/politik/strategien-konzepte/regierungsuebereinkommen-2010" target="_blank">Übereinkunft der rot-grünen Koalition aus dem Jahre 2010</a>.. Rund ein Jahr später, im November 2011 kommt in der Magistratsabteilung 7 (Kultur) eine ExpertInnengruppe zusammen, um über die Eckpunkte des Projekts zu beraten. Drei Unterausschüsse werden gebildet, eine zur Erarbeitung eines <i>Mission Statements</i>, eine zur Bestimmung des Denkmalstandorts und eine für die Nachnutzung des Denkmals nach Eröffnung.</strong></h1>
<p>Nach sorgfältiger Prüfung einer Reihe von Standorten wird ein weiteres Jahr später, im Oktober 2012, der Ballhausplatz als künftiger Gedenkort bekannt gegeben. Die MA 7 beauftragt die städtische <i>Kunst im Öffentlichen Raum</i> <i>GmbH </i>mit der Abwicklung eines KünstlerInnenwettbewerbs, der im Frühjahr 2013 durchgeführt wird. Am 27. Juni fällt eine Jury die Entscheidung: Der Berliner Künstler Olaf Nicolai erhält den Auftrag, seinen Entwurf umzusetzen.</p>
<p>Die ersten Gedenkinitiativen für österreichische Opfer der NS-Militärjustiz gehen vor allem auf die Angehörigen zurück. Aus Scham oder Angst vor den Folgen blieb die Trauer auf Gedenksteinen jedoch privat. Ab den 1990er Jahren lancierten AktivistInnen aus dem Umfeld der Friedensbewegung erste politische Initiativen für ein Deserteursgedenken. Eine Gruppe Studierender an der Universität Wien machte sich um die Jahrtausendwende erstmals an die historische Erforschung der NS-Militärgerichtsbarkeit. Im Auftrag des Nationalrates entstand eine grundlegende Studie, die den Ausgangspunkt für die spätere Gesetzgebung bildete. Im Oktober 2009 beschlossen SPÖ, ÖVP und Grüne im Parlament das Aufhebungs- und Rehabilitationsgesetz; damit wurden alle Urteile der Wehrmachtsgerichte pauschal und umfassend aufgehoben. Auf Initiative der Grünen vereinbarte die rot-grüne Stadtregierung ein Jahr später die Errichtung eines Deserteursdenkmals in Wien.</p>
<p><em>Eine ausführliche Chronik des Denkmalprozesses vom Beschluss der rot-grünen Wiener Landesregierung bis zur Eröffnung im Oktober 2014 finden Sie</em> <a href="http://deserteursdenkmal.at/wordpress/wp-content/uploads/2014/02/Ausführliche-Chronik-Denkmalprozess-2010-2014.pdf">hier</a>.</p>
<p><strong> </strong></p>
<p>&nbsp;</p>

		<style type="text/css">
			#gallery-1 {
				margin: auto;
			}
			#gallery-1 .gallery-item {
				float: left;
				margin-top: 10px;
				text-align: center;
				width: 33%;
			}
			#gallery-1 img {
				border: 2px solid #cfcfcf;
			}
			#gallery-1 .gallery-caption {
				margin-left: 0;
			}
			/* see gallery_shortcode() in wp-includes/media.php */
		</style>
		<div id='gallery-1' class='gallery galleryid-616 gallery-columns-3 gallery-size-thumbnail'><dl class='gallery-item'>
			<dt class='gallery-icon landscape'>
				<a href='https://deserteursdenkmal.at/wordpress/entstehungsgeschichte/x_olaf-nicolai_zwischenstand-12022014-002/'><img width="150" height="150" src="https://deserteursdenkmal.at/wordpress/wp-content/uploads/2014/02/X_Olaf-Nicolai_Zwischenstand-12022014-002-150x150.jpg" class="attachment-thumbnail size-thumbnail" alt="" loading="lazy" /></a>
			</dt></dl><dl class='gallery-item'>
			<dt class='gallery-icon landscape'>
				<a href='https://deserteursdenkmal.at/wordpress/entstehungsgeschichte/dsc04776/'><img width="150" height="150" src="https://deserteursdenkmal.at/wordpress/wp-content/uploads/2014/02/DSC04776-150x150.jpg" class="attachment-thumbnail size-thumbnail" alt="" loading="lazy" /></a>
			</dt></dl><dl class='gallery-item'>
			<dt class='gallery-icon landscape'>
				<a href='https://deserteursdenkmal.at/wordpress/entstehungsgeschichte/dsc04774/'><img width="150" height="150" src="https://deserteursdenkmal.at/wordpress/wp-content/uploads/2014/02/DSC04774-150x150.jpg" class="attachment-thumbnail size-thumbnail" alt="" loading="lazy" /></a>
			</dt></dl><br style="clear: both" /><dl class='gallery-item'>
			<dt class='gallery-icon landscape'>
				<a href='https://deserteursdenkmal.at/wordpress/entstehungsgeschichte/dsc04768/'><img width="150" height="150" src="https://deserteursdenkmal.at/wordpress/wp-content/uploads/2014/02/DSC04768-150x150.jpg" class="attachment-thumbnail size-thumbnail" alt="" loading="lazy" /></a>
			</dt></dl><dl class='gallery-item'>
			<dt class='gallery-icon landscape'>
				<a href='https://deserteursdenkmal.at/wordpress/home/deserteursdenkmal-iii/'><img width="150" height="150" src="https://deserteursdenkmal.at/wordpress/wp-content/uploads/2014/02/Deserteursdenkmal-III-150x150.jpg" class="attachment-thumbnail size-thumbnail" alt="" loading="lazy" /></a>
			</dt></dl><dl class='gallery-item'>
			<dt class='gallery-icon portrait'>
				<a href='https://deserteursdenkmal.at/wordpress/home/wiener-deserteursdenkmal-blaue-treppenskulptur-in-liegender-x-form/'><img width="150" height="150" src="https://deserteursdenkmal.at/wordpress/wp-content/uploads/2014/02/Deserteursdenkmal-V-150x150.jpg" class="attachment-thumbnail size-thumbnail" alt="" loading="lazy" /></a>
			</dt></dl><br style="clear: both" />
		</div>

<p>BESCHLUSS Der Beschluss zum Wiener Denkmal ist Teil der Übereinkunft der rot-grünen Koalition aus dem Jahre 2010.. Rund ein Jahr später, im November 2011 kommt in der Magistratsabteilung 7 (Kultur) eine ExpertInnengruppe zusammen, um über die Eckpunkte des Projekts zu &hellip; <a href="https://deserteursdenkmal.at/wordpress/1-hintergrund/">Weiterlesen <span class="meta-nav">&rarr;</span></a></p>
