{"id":4428,"date":"2017-01-23T15:24:43","date_gmt":"2017-01-23T14:24:43","guid":{"rendered":"http:\/\/deserteursdenkmal.at\/wordpress\/?page_id=4428"},"modified":"2017-01-24T12:32:55","modified_gmt":"2017-01-24T11:32:55","slug":"the-victims-welfare-act","status":"publish","type":"page","link":"https:\/\/deserteursdenkmal.at\/wordpress\/nachkrieg\/the-victims-welfare-act\/","title":{"rendered":"Compensation of the Victims"},"content":{"rendered":"<h1><img loading=\"lazy\" class=\"alignright  wp-image-4317\" alt=\"flag_uk\" src=\"http:\/\/deserteursdenkmal.at\/wordpress\/wp-content\/uploads\/2017\/01\/flag_uk.jpg\" width=\"27\" height=\"18\" \/> <a href=\"http:\/\/deserteursdenkmal.at\/wordpress\/nachkrieg\/wiedergutmachung\/\"><img loading=\"lazy\" class=\"alignright  wp-image-4316\" alt=\"flag_at\" src=\"http:\/\/deserteursdenkmal.at\/wordpress\/wp-content\/uploads\/2017\/01\/flag_at.jpg\" width=\"27\" height=\"18\" \/><\/a><\/h1>\n<p><span style=\"color: #c0a93f;\"><strong><b>The Victims Welfare Act<\/b><\/strong><\/span><\/p>\n<p><span style=\"font-weight: 300;\">The Victims Welfare Act, which was passed in 1947 and amended numerous times, established narrow criteria defining who would be considered a victim of National Socialism. The lawmakers differentiated between \u201cvictims of the struggle\u201d, categorized as \u201cactive\u201d actors, and \u201cpassive\u201d \u201cvictims of political persecution.\u201d The former had to prove that they had fought for \u201can independent and democratic Austria, conscious of its historic mission, and engaged in the armed fight against the ideas and aims of National Socialism in particular, or having fought against it unreservedly in word and in deed.\u201d The \u201cvictims of political persecution\u201d had to have \u201cseverely suffered damage for political reasons or reasons of origin, religion or nationality caused by measures carried out by a court, a government office (especially the state police) or the National Socialist Party, including its organizations\u201d, in order to be recognized by the Victims Welfare Act. Over the years, victims could apply for compensation for prison time, benefits for deprivation of freedom, loss of income and education, and for victims\u2019 pensions, depending on the category they were deemed to belong to. These were provided on the basis of the required official documents or victim identity cards.<\/span><\/p>\n<p><strong>Inappropriate Distinctions: \u201cpersonal\u201d and \u201cpolitical\u201d motives<\/strong><\/p>\n<p>While the victims of Nazi military justice were not explicitly excluded from these benefits, the provisions of the Victims Welfare Act strongly curtailed their chances. A 1948 decree stated: \u201cThe offences of [\u2026] desertion and undermining the military forces cannot be classified political as such [\u2026]\u201d, since \u201cin such cases, ver often personal, and not political motives were the cause.\u201d This <i>ex post<\/i> examination of conscience by the state authorities was however very questionable. For one, it was difficult to assess the motives in hindsight. Karl Lauterbach, for example, did not mention his involvement in the communist underground before the court martial. Furthermore, this provision ignored the fact that crimes such as desertion and \u201cundermining the military force\u201d were considered highly political by the Nazi state <i>in all cases<\/i> and accordingly punished particularly harshly. Victim welfare files show that without an official confirmation from one of the political parties, it was practically impossible to prove political motives; this put religious conscientious objectors at a significant disadvantage. Only in 2005 were the victims of Nazi military justice included in the group of people eligible for victim welfare (Nazi Repeal Act). The Second Republic only recognized the inherently criminal dimension of Nazi military justice with its Repeal and Rehabilitation Act of 2009; only from that point on were insubordinate soldiers considered victims of the Nazi regime, regardless of their motives.<\/p>\n<p><strong>Scarce Acknowledgment of Deserters<\/strong><\/p>\n<p>A little less than 4 percent of all victims of National Socialism (those persecuted themselves and their surviving dependents) who applied for recognition and respective benefits had been persecuted for military offenses, mostly desertion. They had by far received the most death sentences and their actions were stigmatized particularly harshly. On the other hand, it was especially difficult for deserters to gain recognition as victims of Nazi persecution from the social security authorities: their applications were turned down at a disproportionally high level compared to other victim groups. In cases of sentences for \u201cundermining the military force\u201d, the authorities frequently distinguished between \u201cundermining\u201d statements and acts of resistance, such as self-mutilation. In case of the latter, the petitioner had a relatively slim chance of being granted victim benefits. Crimes such as high treason, military treason and \u201caiding the enemy\u201d resulted in a higher ratio of benefits awarded, since the authorities often acknowledged the political motives of these actions and recognized them as resistance against the Nazi regime.<\/p>\n<p><strong>Prison Terms Not Counted Towards Pensions<\/strong><\/p>\n<p>The practice of granting benefits to victims of Nazi military justice according to the social security law (e.g., retirement benefits) have not yet been researched. On principle, however, soldiers convicted by a military court could not have their time in prison, in an internment camp or a concentration camp counted towards his pension. Following the \u201cduty fulfillment discourse\u201d, obedient soldiers were given preferential treatment, while deserters and other persecuted soldiers were at a disadvantage \u2013 even though around the year 2000, the Ministry of Social Affairs, at the time led by the Freedom Party of Austria (FP\u00d6), still claimed that the German Wehrmacht should be considered a \u201cforeign army\u201d. Until 2009, the Austrian state\u2019s basic stand on desertion was that it continued to constitute a criminal offense, making an across-the-board rehabilitation of this crime impossible.<\/p>\n<p><strong>Recognition by the National Fund<\/strong><\/p>\n<p>The Austrian legislature established the National Fund of the Republic of Austria for Victims of National Socialism in 1995 in order to facilitate the rehabilitation of hitherto \u201cforgotten victims\u201d (homosexuals, Sinti and Roma, survivors and relatives of victims of \u201ceuthanasia\u201d etc.). Yet the victims of Nazi military justice were once again omitted from the list of those eligible for rehabilitation \u2013 at first, they only stood a chance of being recognized if they could simultaneously demonstrate persecution by civilian courts (e.g. for high treason). The committee entrusted with conferring benefits also failed to recognize the inherent injustice of persecution under Nazi military law, particularly in its early years. At the time, it was common practice for the committee to distinguish between political motives, which were worthy of recognition, on the one hand, and \u201cpersonal\u201d motives on the other. This changed in favor of the petitioners around the turn of the millennium, and in the last one and a half decades, all of the XXX applications submitted have been approved. It needs to be emphasized, however, that while many petitioners were persecuted under military law, they were recognized as victims on other grounds, such as religious (conscientious objectors) or political (deserters who became partisans).<\/p>\n<p><strong>Too Late for Many<\/strong><\/p>\n<p>Many victims of Nazi military justice did not live see their recognition under the Victims\u2019 Welfare Act of 2005 \u2013 those who were able to submit their applications had to frequently endure a long bureaucratic process. This is illustrated by the example of David Holzer, whose story you can read below. In 2016, the Federal Ministry of Labor, Social Affairs and Consumer Protection stated upon request that only seven applications were processed between 2005 and 2010; three were granted, three were turned down. One petitioner died during the review process.<\/p>\n<p>&nbsp;<\/p>\n<p><strong>Literature<\/strong><\/p>\n<p>Karin Berger; Nikolaus Dimmel; David Forster; Claudia Spring; Heinrich Berger: Vollzugspraxis des \u201eOpferf\u00fcrsorgegesetzes\u201c. Analyse der praktischen Vollziehung des einschl\u00e4gigen Sozialrechts, Wien \/ M\u00fcnchen 2004.<\/p>\n<p>Brigitte Bailer-Galanda: Wiedergutmachung kein Thema. \u00d6sterreich und ide Opfer des Nationalsozialismus, Wien 1993.<\/p>\n<p>David Forster: Die Opfer der NS-Milit\u00e4rgerichtsbarkeit und die Zweite Republik. F\u00fcrsorge und Entsch\u00e4digung. In: Manoschek, Walter (Hg.): Opfer der NS-Milit\u00e4rjustiz. Urteilspraxis \u2013 Strafvollzug \u2013 Entsch\u00e4digungspolitik in \u00d6sterreich, Wien 2003, S. 651-703.<\/p>\n<p>David Forster: Die Zweite Republik und die Wehrmachtsdeserteure. F\u00fcrsorge und Entsch\u00e4digung f\u00fcr Opfer der NS-Milit\u00e4rjustiz. In: Pirker, Peter; Wenninger (Hg.): Wehrmachtsjustiz. Kontext, Praxis, Nachwirkungen, Wien 2010, S. 242-254.<\/p>\n<p>Hannes Metzler: Ehrlos f\u00fcr immer? Die Rehabilitierung der Wehrmachtsdeserteure in Deutschland und \u00d6sterreich, Wien 2007.<\/p>\n<p>Moos, Reinhard: Die juristische Rehabilitierung der Opfer der NS-Milit\u00e4rjustiz. In: Kohlhofer, Reinhard; Moos, Reinhard (Hg.): \u00d6sterreischische Opfer der NS\u2014Milit\u00e4rgerichtsbarkeit \u2013 Rehabilitierung und Entsch\u00e4digung, Wien 2003, S. 65-90.<\/p>\n ","protected":false},"excerpt":{"rendered":"<p>The Victims Welfare Act The Victims Welfare Act, which was passed in 1947 and amended numerous times, established narrow criteria defining who would be considered a victim of National Socialism. The lawmakers differentiated between \u201cvictims of the struggle\u201d, categorized as &hellip; <a href=\"https:\/\/deserteursdenkmal.at\/wordpress\/nachkrieg\/the-victims-welfare-act\/\">Weiterlesen <span class=\"meta-nav\">&rarr;<\/span><\/a><\/p>\n","protected":false},"author":1,"featured_media":0,"parent":754,"menu_order":0,"comment_status":"closed","ping_status":"closed","template":"showcase.php","meta":[],"categories":[],"tags":[],"_links":{"self":[{"href":"https:\/\/deserteursdenkmal.at\/wordpress\/wp-json\/wp\/v2\/pages\/4428"}],"collection":[{"href":"https:\/\/deserteursdenkmal.at\/wordpress\/wp-json\/wp\/v2\/pages"}],"about":[{"href":"https:\/\/deserteursdenkmal.at\/wordpress\/wp-json\/wp\/v2\/types\/page"}],"author":[{"embeddable":true,"href":"https:\/\/deserteursdenkmal.at\/wordpress\/wp-json\/wp\/v2\/users\/1"}],"replies":[{"embeddable":true,"href":"https:\/\/deserteursdenkmal.at\/wordpress\/wp-json\/wp\/v2\/comments?post=4428"}],"version-history":[{"count":7,"href":"https:\/\/deserteursdenkmal.at\/wordpress\/wp-json\/wp\/v2\/pages\/4428\/revisions"}],"predecessor-version":[{"id":4481,"href":"https:\/\/deserteursdenkmal.at\/wordpress\/wp-json\/wp\/v2\/pages\/4428\/revisions\/4481"}],"up":[{"embeddable":true,"href":"https:\/\/deserteursdenkmal.at\/wordpress\/wp-json\/wp\/v2\/pages\/754"}],"wp:attachment":[{"href":"https:\/\/deserteursdenkmal.at\/wordpress\/wp-json\/wp\/v2\/media?parent=4428"}],"wp:term":[{"taxonomy":"category","embeddable":true,"href":"https:\/\/deserteursdenkmal.at\/wordpress\/wp-json\/wp\/v2\/categories?post=4428"},{"taxonomy":"post_tag","embeddable":true,"href":"https:\/\/deserteursdenkmal.at\/wordpress\/wp-json\/wp\/v2\/tags?post=4428"}],"curies":[{"name":"wp","href":"https:\/\/api.w.org\/{rel}","templated":true}]}}