{"id":3090,"date":"2016-05-16T16:18:55","date_gmt":"2016-05-16T14:18:55","guid":{"rendered":"http:\/\/deserteursdenkmal.at\/wordpress\/?page_id=3090"},"modified":"2016-05-22T17:45:38","modified_gmt":"2016-05-22T15:45:38","slug":"wug-xxi","status":"publish","type":"page","link":"https:\/\/deserteursdenkmal.at\/wordpress\/verfolgungsorte\/wug-xxi\/","title":{"rendered":"WUG XXI &#8211; Floridsdorf"},"content":{"rendered":"<div><span style=\"color: #b78847;\"><strong>Wehrmachtsuntersuchungsgef\u00e4ngnis Floridsdorf (WUG XXI)<\/strong><\/span><\/div>\n<div>\n<p><strong>In Wien wurden von der Wehrmachtsjustiz f\u00fcnf Gef\u00e4ngnisse betrieben: Die <a href=\"http:\/\/deserteursdenkmal.at\/wordpress\/verfolgungsorte\/wug-x\/\">Zentrale (WUG X)<\/a> befand sich in Wien-Favoriten, die erste und gr\u00f6\u00dfte Nebenstellen war in Wien-Floridsdorf eingerichtet. Es war Teil eines Unrechtsregimes das Deserteure, Selbstverst\u00fcmmler, Saboteure, Wehrdienstverweigerer, usw. verfolgte.\u00a0 Das historische Geb\u00e4ude wird auch heute noch als Gef\u00e4ngnis genutzt.<\/strong><\/p>\n<div id=\"attachment_3092\" style=\"width: 310px\" class=\"wp-caption alignleft\"><a href=\"http:\/\/deserteursdenkmal.at\/wordpress\/wp-content\/uploads\/2016\/05\/wug-21_b.jpg\"><img aria-describedby=\"caption-attachment-3092\" loading=\"lazy\" class=\"size-medium wp-image-3092\" title=\"Bezirksgericht (rechts, Altbau) und Justizanstalt (links, moderner Bau), 2012. (Quelle: Privatarchiv Mathias Lichtenwagner)\" alt=\"Bezirksgericht (rechts, Altbau) und Justizanstalt (links, moderner Bau), 2012. (Quelle: Privatarchiv Mathias Lichtenwagner)\" src=\"http:\/\/deserteursdenkmal.at\/wordpress\/wp-content\/uploads\/2016\/05\/wug-21_b-300x200.jpg\" width=\"300\" height=\"200\" srcset=\"https:\/\/deserteursdenkmal.at\/wordpress\/wp-content\/uploads\/2016\/05\/wug-21_b-300x200.jpg 300w, https:\/\/deserteursdenkmal.at\/wordpress\/wp-content\/uploads\/2016\/05\/wug-21_b-1024x682.jpg 1024w, https:\/\/deserteursdenkmal.at\/wordpress\/wp-content\/uploads\/2016\/05\/wug-21_b-449x300.jpg 449w\" sizes=\"(max-width: 300px) 100vw, 300px\" \/><\/a><p id=\"caption-attachment-3092\" class=\"wp-caption-text\">Bezirksgericht (rechts, Altbau) und Justizanstalt (links, moderner Bau), 2012. (Quelle: Privatarchiv Mathias Lichtenwagner)<\/p><\/div>\n<p><strong>Geschichte vor 1938<\/strong><br \/>\nDas markante und gro\u00dfe Geb\u00e4ude wurde 1896 errichtet. Es beherbergte als Amtsgeb\u00e4ude Bezirksgericht samt Gefangenenhaus, Polizeistation und Magistratisches Bezirksamt, zudem mehrere Wohnungen. 1905 wurde Floridsdorf ein Wiener Bezirk, das Gefangenenhaus mehrmals erweitert und erneuert \u2013 es besa\u00df 1938 zumindest 23 Zellen.<\/p>\n<p><strong>\u00dcbernahme der Wehrmachtsjustiz<\/strong><br \/>\nDie Wehrmachtsjustiz verf\u00fcgte direkt nach dem \u201eAnschluss\u201c 1938 \u00fcber zu wenig Haftr\u00e4ume, weswegen man Gefangenenh\u00e4user der zivilen Justiz \u00fcbernahm. Das Gef\u00e4ngnis in der Gerichtsgasse war das Erste, noch 1938 wurden hier Soldaten inhaftiert. Zum gr\u00f6\u00dften Teil betraf dies Soldaten der Luftwaffe. Das Gef\u00e4ngnis firmierte unter dem Titel \u201eWehrmachtsuntersuchungsgef\u00e4ngnis Floridsdorf\u201c oder \u201eWehrmachtsuntersuchungsgef\u00e4ngnis XXI\u201c sowie teils auch als \u201eLuftwaffen-Standortarrestanstalt\u201c.<\/p>\n<p><strong>Nutzen und Netzwerk<\/strong><br \/>\nEinerseits wurden im WUG XXI Soldaten von ihren milit\u00e4rischen Verb\u00e4nden bei Verdacht selbst oder von Wehrmachtsstreife und anderen NS-Beh\u00f6rden, etwa der Polizei oder Gestapo, eingeliefert. Andererseits verbrachten Soldaten hier auch nach ihrer Verurteilung durch die Gerichte in der Innenstadt ihre Haft- bzw. Arreststrafen oder die Zeit bis zum Weitertransport in andere Anstalten des Strafvollzugs. Wie viele Soldaten das Gef\u00e4ngnis von 1938 bis 1945 durchliefen ist nicht exakt bestimmbar, vorsichtige Hochrechnungen ergeben weit \u00fcber 1.000 Gefangene.<\/p>\n<div id=\"attachment_3091\" style=\"width: 310px\" class=\"wp-caption alignleft\"><a href=\"http:\/\/deserteursdenkmal.at\/wordpress\/wp-content\/uploads\/2016\/05\/wug-21_a.jpg\"><img aria-describedby=\"caption-attachment-3091\" loading=\"lazy\" class=\"size-medium wp-image-3091  \" title=\"Blick aus dem Gef\u00e4ngnis-Spazierhof auf den historischen Teil des Gefangenenhauses, 2012. (Quelle: Privatarchiv Mathias Lichtenwagner)\" alt=\"Blick aus dem Gef\u00e4ngnis-Spazierhof auf den historischen Teil des Gefangenenhauses, 2012. (Quelle: Privatarchiv Mathias Lichtenwagner)\" src=\"http:\/\/deserteursdenkmal.at\/wordpress\/wp-content\/uploads\/2016\/05\/wug-21_a-300x199.jpg\" width=\"300\" height=\"199\" srcset=\"https:\/\/deserteursdenkmal.at\/wordpress\/wp-content\/uploads\/2016\/05\/wug-21_a-300x199.jpg 300w, https:\/\/deserteursdenkmal.at\/wordpress\/wp-content\/uploads\/2016\/05\/wug-21_a-1024x682.jpg 1024w, https:\/\/deserteursdenkmal.at\/wordpress\/wp-content\/uploads\/2016\/05\/wug-21_a-450x300.jpg 450w, https:\/\/deserteursdenkmal.at\/wordpress\/wp-content\/uploads\/2016\/05\/wug-21_a.jpg 2000w\" sizes=\"(max-width: 300px) 100vw, 300px\" \/><\/a><p id=\"caption-attachment-3091\" class=\"wp-caption-text\">Blick aus dem Gef\u00e4ngnis-Spazierhof auf den historischen Teil des Gefangenenhauses, 2012. (Quelle: Privatarchiv Mathias Lichtenwagner)<\/p><\/div>\n<p><strong>Befreiung und Nutzung nach 1945<\/strong><br \/>\nDie Gegend um das Gef\u00e4ngnis stand, bedingt durch die vielen Firmen und die Remise, im Fokus der taktischen Flugangriffen der Alliierten, wovon auch der nicht-vollendete FlAK-Bunker gegen\u00fcber dem Gef\u00e4ngnis zeugt. Teile des Geb\u00e4udes wurden auch durch Bomben getroffen, wahrscheinlich aber nicht der Gef\u00e4ngnistrakt. Es ist nichts \u00fcber die Befreiung des Gef\u00e4ngnisses selbst bekannt, wahrscheinlich wurden die Gefangenen wie in den anderen Wehrmachtsgef\u00e4ngnissen rechtzeitig Richtung Westen \u201eevakuiert\u201c. Die Hinrichtung der Offiziere Alfred Huth, Rudolf Raschke und Karl Biedermann am 6.4.1945 am nahen Floridsdorfer Spitz durch SS bzw. SD hat nichts mit der Haftanstalt zu tun. Der Bezirk selbst wurde erst Mitte April 1945 vollst\u00e4ndig von der Wehrmacht befreit. Das Gef\u00e4ngnis wird seit 1997 als Au\u00dfenstelle der Justizanstalt Mittersteig verwendet.<\/p>\n<p><strong>Fallbeispiel<\/strong><br \/>\nErich Salda wurde in der Rossauer Kaserne verh\u00f6rt, sa\u00df dann bis zu seiner Verurteilung vor dem Gericht der Div. 177 am 27.10.1944 im WUG XXI ein. Er wurde am 7.2.1945 am Hinrichtungsplatz Kagran mit anderen wegen mehrfacher Selbstverst\u00fcmmelung erschossen: Einmal verletzte er sich selbst absichtlich um nicht mehr dienen zu m\u00fcssen, zweimal half er Kameraden &#8211; <a href=\"http:\/\/www.doew.at\/cms\/download\/248il\/6056_hinrichtung_kagran_2_1945.pdf\">Link Erschie\u00dfung (D\u00d6W)<\/a> &#8211; <a href=\"http:\/\/www.doew.at\/cms\/images\/20827\/original\/1412774543\/Erich-Salda_wehrkraftzersetzung.png\">Link Foto Erich Salda (D\u00d6W)<\/a><\/p>\n<\/div>\n ","protected":false},"excerpt":{"rendered":"<p>Wehrmachtsuntersuchungsgef\u00e4ngnis Floridsdorf (WUG XXI) In Wien wurden von der Wehrmachtsjustiz f\u00fcnf Gef\u00e4ngnisse betrieben: Die Zentrale (WUG X) befand sich in Wien-Favoriten, die erste und gr\u00f6\u00dfte Nebenstellen war in Wien-Floridsdorf eingerichtet. Es war Teil eines Unrechtsregimes das Deserteure, Selbstverst\u00fcmmler, Saboteure, Wehrdienstverweigerer, &hellip; <a href=\"https:\/\/deserteursdenkmal.at\/wordpress\/verfolgungsorte\/wug-xxi\/\">Weiterlesen <span class=\"meta-nav\">&rarr;<\/span><\/a><\/p>\n","protected":false},"author":3,"featured_media":0,"parent":2771,"menu_order":0,"comment_status":"closed","ping_status":"closed","template":"showcase.php","meta":[],"categories":[32],"tags":[124,147,142,111,15],"_links":{"self":[{"href":"https:\/\/deserteursdenkmal.at\/wordpress\/wp-json\/wp\/v2\/pages\/3090"}],"collection":[{"href":"https:\/\/deserteursdenkmal.at\/wordpress\/wp-json\/wp\/v2\/pages"}],"about":[{"href":"https:\/\/deserteursdenkmal.at\/wordpress\/wp-json\/wp\/v2\/types\/page"}],"author":[{"embeddable":true,"href":"https:\/\/deserteursdenkmal.at\/wordpress\/wp-json\/wp\/v2\/users\/3"}],"replies":[{"embeddable":true,"href":"https:\/\/deserteursdenkmal.at\/wordpress\/wp-json\/wp\/v2\/comments?post=3090"}],"version-history":[{"count":2,"href":"https:\/\/deserteursdenkmal.at\/wordpress\/wp-json\/wp\/v2\/pages\/3090\/revisions"}],"predecessor-version":[{"id":3094,"href":"https:\/\/deserteursdenkmal.at\/wordpress\/wp-json\/wp\/v2\/pages\/3090\/revisions\/3094"}],"up":[{"embeddable":true,"href":"https:\/\/deserteursdenkmal.at\/wordpress\/wp-json\/wp\/v2\/pages\/2771"}],"wp:attachment":[{"href":"https:\/\/deserteursdenkmal.at\/wordpress\/wp-json\/wp\/v2\/media?parent=3090"}],"wp:term":[{"taxonomy":"category","embeddable":true,"href":"https:\/\/deserteursdenkmal.at\/wordpress\/wp-json\/wp\/v2\/categories?post=3090"},{"taxonomy":"post_tag","embeddable":true,"href":"https:\/\/deserteursdenkmal.at\/wordpress\/wp-json\/wp\/v2\/tags?post=3090"}],"curies":[{"name":"wp","href":"https:\/\/api.w.org\/{rel}","templated":true}]}}

<div><span style="color: #b78847;"><strong>Wehrmachtsuntersuchungsgefängnis Floridsdorf (WUG XXI)</strong></span></div>
<div>
<p><strong>In Wien wurden von der Wehrmachtsjustiz fünf Gefängnisse betrieben: Die <a href="http://deserteursdenkmal.at/wordpress/verfolgungsorte/wug-x/">Zentrale (WUG X)</a> befand sich in Wien-Favoriten, die erste und größte Nebenstellen war in Wien-Floridsdorf eingerichtet. Es war Teil eines Unrechtsregimes das Deserteure, Selbstverstümmler, Saboteure, Wehrdienstverweigerer, usw. verfolgte.  Das historische Gebäude wird auch heute noch als Gefängnis genutzt.</strong></p>
<div id="attachment_3092" style="width: 310px" class="wp-caption alignleft"><a href="http://deserteursdenkmal.at/wordpress/wp-content/uploads/2016/05/wug-21_b.jpg"><img aria-describedby="caption-attachment-3092" loading="lazy" class="size-medium wp-image-3092" title="Bezirksgericht (rechts, Altbau) und Justizanstalt (links, moderner Bau), 2012. (Quelle: Privatarchiv Mathias Lichtenwagner)" alt="Bezirksgericht (rechts, Altbau) und Justizanstalt (links, moderner Bau), 2012. (Quelle: Privatarchiv Mathias Lichtenwagner)" src="http://deserteursdenkmal.at/wordpress/wp-content/uploads/2016/05/wug-21_b-300x200.jpg" width="300" height="200" srcset="https://deserteursdenkmal.at/wordpress/wp-content/uploads/2016/05/wug-21_b-300x200.jpg 300w, https://deserteursdenkmal.at/wordpress/wp-content/uploads/2016/05/wug-21_b-1024x682.jpg 1024w, https://deserteursdenkmal.at/wordpress/wp-content/uploads/2016/05/wug-21_b-449x300.jpg 449w" sizes="(max-width: 300px) 100vw, 300px" /></a><p id="caption-attachment-3092" class="wp-caption-text">Bezirksgericht (rechts, Altbau) und Justizanstalt (links, moderner Bau), 2012. (Quelle: Privatarchiv Mathias Lichtenwagner)</p></div>
<p><strong>Geschichte vor 1938</strong><br />
Das markante und große Gebäude wurde 1896 errichtet. Es beherbergte als Amtsgebäude Bezirksgericht samt Gefangenenhaus, Polizeistation und Magistratisches Bezirksamt, zudem mehrere Wohnungen. 1905 wurde Floridsdorf ein Wiener Bezirk, das Gefangenenhaus mehrmals erweitert und erneuert – es besaß 1938 zumindest 23 Zellen.</p>
<p><strong>Übernahme der Wehrmachtsjustiz</strong><br />
Die Wehrmachtsjustiz verfügte direkt nach dem „Anschluss“ 1938 über zu wenig Hafträume, weswegen man Gefangenenhäuser der zivilen Justiz übernahm. Das Gefängnis in der Gerichtsgasse war das Erste, noch 1938 wurden hier Soldaten inhaftiert. Zum größten Teil betraf dies Soldaten der Luftwaffe. Das Gefängnis firmierte unter dem Titel „Wehrmachtsuntersuchungsgefängnis Floridsdorf“ oder „Wehrmachtsuntersuchungsgefängnis XXI“ sowie teils auch als „Luftwaffen-Standortarrestanstalt“.</p>
<p><strong>Nutzen und Netzwerk</strong><br />
Einerseits wurden im WUG XXI Soldaten von ihren militärischen Verbänden bei Verdacht selbst oder von Wehrmachtsstreife und anderen NS-Behörden, etwa der Polizei oder Gestapo, eingeliefert. Andererseits verbrachten Soldaten hier auch nach ihrer Verurteilung durch die Gerichte in der Innenstadt ihre Haft- bzw. Arreststrafen oder die Zeit bis zum Weitertransport in andere Anstalten des Strafvollzugs. Wie viele Soldaten das Gefängnis von 1938 bis 1945 durchliefen ist nicht exakt bestimmbar, vorsichtige Hochrechnungen ergeben weit über 1.000 Gefangene.</p>
<div id="attachment_3091" style="width: 310px" class="wp-caption alignleft"><a href="http://deserteursdenkmal.at/wordpress/wp-content/uploads/2016/05/wug-21_a.jpg"><img aria-describedby="caption-attachment-3091" loading="lazy" class="size-medium wp-image-3091  " title="Blick aus dem Gefängnis-Spazierhof auf den historischen Teil des Gefangenenhauses, 2012. (Quelle: Privatarchiv Mathias Lichtenwagner)" alt="Blick aus dem Gefängnis-Spazierhof auf den historischen Teil des Gefangenenhauses, 2012. (Quelle: Privatarchiv Mathias Lichtenwagner)" src="http://deserteursdenkmal.at/wordpress/wp-content/uploads/2016/05/wug-21_a-300x199.jpg" width="300" height="199" srcset="https://deserteursdenkmal.at/wordpress/wp-content/uploads/2016/05/wug-21_a-300x199.jpg 300w, https://deserteursdenkmal.at/wordpress/wp-content/uploads/2016/05/wug-21_a-1024x682.jpg 1024w, https://deserteursdenkmal.at/wordpress/wp-content/uploads/2016/05/wug-21_a-450x300.jpg 450w, https://deserteursdenkmal.at/wordpress/wp-content/uploads/2016/05/wug-21_a.jpg 2000w" sizes="(max-width: 300px) 100vw, 300px" /></a><p id="caption-attachment-3091" class="wp-caption-text">Blick aus dem Gefängnis-Spazierhof auf den historischen Teil des Gefangenenhauses, 2012. (Quelle: Privatarchiv Mathias Lichtenwagner)</p></div>
<p><strong>Befreiung und Nutzung nach 1945</strong><br />
Die Gegend um das Gefängnis stand, bedingt durch die vielen Firmen und die Remise, im Fokus der taktischen Flugangriffen der Alliierten, wovon auch der nicht-vollendete FlAK-Bunker gegenüber dem Gefängnis zeugt. Teile des Gebäudes wurden auch durch Bomben getroffen, wahrscheinlich aber nicht der Gefängnistrakt. Es ist nichts über die Befreiung des Gefängnisses selbst bekannt, wahrscheinlich wurden die Gefangenen wie in den anderen Wehrmachtsgefängnissen rechtzeitig Richtung Westen „evakuiert“. Die Hinrichtung der Offiziere Alfred Huth, Rudolf Raschke und Karl Biedermann am 6.4.1945 am nahen Floridsdorfer Spitz durch SS bzw. SD hat nichts mit der Haftanstalt zu tun. Der Bezirk selbst wurde erst Mitte April 1945 vollständig von der Wehrmacht befreit. Das Gefängnis wird seit 1997 als Außenstelle der Justizanstalt Mittersteig verwendet.</p>
<p><strong>Fallbeispiel</strong><br />
Erich Salda wurde in der Rossauer Kaserne verhört, saß dann bis zu seiner Verurteilung vor dem Gericht der Div. 177 am 27.10.1944 im WUG XXI ein. Er wurde am 7.2.1945 am Hinrichtungsplatz Kagran mit anderen wegen mehrfacher Selbstverstümmelung erschossen: Einmal verletzte er sich selbst absichtlich um nicht mehr dienen zu müssen, zweimal half er Kameraden &#8211; <a href="http://www.doew.at/cms/download/248il/6056_hinrichtung_kagran_2_1945.pdf">Link Erschießung (DÖW)</a> &#8211; <a href="http://www.doew.at/cms/images/20827/original/1412774543/Erich-Salda_wehrkraftzersetzung.png">Link Foto Erich Salda (DÖW)</a></p>
</div>

<p>Wehrmachtsuntersuchungsgefängnis Floridsdorf (WUG XXI) In Wien wurden von der Wehrmachtsjustiz fünf Gefängnisse betrieben: Die Zentrale (WUG X) befand sich in Wien-Favoriten, die erste und größte Nebenstellen war in Wien-Floridsdorf eingerichtet. Es war Teil eines Unrechtsregimes das Deserteure, Selbstverstümmler, Saboteure, Wehrdienstverweigerer, &hellip; <a href="https://deserteursdenkmal.at/wordpress/verfolgungsorte/wug-xxi/">Weiterlesen <span class="meta-nav">&rarr;</span></a></p>
