{"id":1283,"date":"2014-09-03T11:11:57","date_gmt":"2014-09-03T09:11:57","guid":{"rendered":"http:\/\/deserteursdenkmal.at\/wordpress\/?page_id=1283"},"modified":"2016-05-26T20:14:55","modified_gmt":"2016-05-26T18:14:55","slug":"wug-x","status":"publish","type":"page","link":"https:\/\/deserteursdenkmal.at\/wordpress\/verfolgungsorte\/wug-x\/","title":{"rendered":"WUG Favoriten"},"content":{"rendered":"<blockquote><p>\u201eDa sa\u00df schon einer drin, ein Fahrer, am Steuer. Der eine hat sich nach vorne hingesetzt und der Gefreite hinten zu mir. Das war ein Erlebnis. Nach Monaten im Gef\u00e4ngnis. Von Mai bis Oktober habe ich kaum das Tageslicht gesehen, und jetzt sa\u00df ich in einem offenen Wagen. [&#8230;] Trotzdem, ich konnte nat\u00fcrlich auch erkennen, wohin es geht. Durch die Stadt, hinaus zum Ring, zum G\u00fcrtel, raus in den zehnten Bezirk. Sag ich zu dem Gefreiten nebenan, habe ich mich getraut und gefragt: \u201eSagen Sie, wohin fahren wir?\u201c Ich war eigentlich angenehm \u00fcberrascht, als er mir Wienerisch geantwortet hat: \u201eNach Favoriten, ins Wehrmachtsgef\u00e4ngnis.\u201c <em>(Roman Haller: Interview, gef\u00fchrt von Vladimir Vertlib, M\u00e4rz 1997. D\u00d6W 51666.)<\/em><\/p><\/blockquote>\n<p><span style=\"color: #b78847;\"><strong>Wehrmachtsuntersuchungsgef\u00e4ngnis Favoriten (WUG X)<\/strong><\/span><\/p>\n<p><strong>Ein so gro\u00dfes und dichtes Netzwerk der Verfolgung wie das der NS-Milit\u00e4rjustiz braucht ausreichend Haftr\u00e4ume. In Wien wurden von der Wehrmacht f\u00fcnf Gef\u00e4ngnisse betrieben: Das gr\u00f6\u00dfte und wichtigste befand sich in Favoriten.\u00a0Die heutige Justizanstalt Favoriten war zwischen 1938 und 1945 das zentrale Haftgeb\u00e4ude der NS-Milit\u00e4rjustiz in Wien: Das Wehrmachtsuntersuchungsgef\u00e4ngnis X (\u00bbWUG X\u00ab). Durch den heute unscheinbaren aber gro\u00dfen Komplex gingen nahezu alle Untersuchungsh\u00e4ftlinge die in Wien und dem ganzen Wehrkreis XVII innerhalb der Wehrmacht festgenommen wurden.<\/strong><\/p>\n<div id=\"attachment_2388\" style=\"width: 419px\" class=\"wp-caption alignright\"><a href=\"http:\/\/deserteursdenkmal.at\/wordpress\/wp-content\/uploads\/2014\/09\/wug-x_briefkopf3.jpg\"><img aria-describedby=\"caption-attachment-2388\" loading=\"lazy\" class=\"wp-image-2388  \" title=\"Ausschnitt eines Briefkopfes aus einem Verfahren der NS-Milit\u00e4rjustiz. Bildquellen: Dokumentationsarchiv des \u00f6sterreichischen Widerstands \/ www.doew.at\" alt=\"Ausschnitt eines Briefkopfes aus einem Verfahren der NS-Milit\u00e4rjustiz. Bildquellen: Dokumentationsarchiv des \u00f6sterreichischen Widerstands \/ www.doew.at\" src=\"http:\/\/deserteursdenkmal.at\/wordpress\/wp-content\/uploads\/2014\/09\/wug-x_briefkopf3-1024x298.jpg\" width=\"409\" height=\"118\" srcset=\"https:\/\/deserteursdenkmal.at\/wordpress\/wp-content\/uploads\/2014\/09\/wug-x_briefkopf3-1024x298.jpg 1024w, https:\/\/deserteursdenkmal.at\/wordpress\/wp-content\/uploads\/2014\/09\/wug-x_briefkopf3-300x87.jpg 300w, https:\/\/deserteursdenkmal.at\/wordpress\/wp-content\/uploads\/2014\/09\/wug-x_briefkopf3-1000x288.jpg 1000w, https:\/\/deserteursdenkmal.at\/wordpress\/wp-content\/uploads\/2014\/09\/wug-x_briefkopf3-500x145.jpg 500w, https:\/\/deserteursdenkmal.at\/wordpress\/wp-content\/uploads\/2014\/09\/wug-x_briefkopf3.jpg 1860w\" sizes=\"(max-width: 409px) 100vw, 409px\" \/><\/a><p id=\"caption-attachment-2388\" class=\"wp-caption-text\">Ausschnitt eines Briefkopfes aus einem Verfahren der NS-Milit\u00e4rjustiz.<br \/>Bildquellen: Dokumentationsarchiv des \u00f6sterreichischen Widerstands \/ www.doew.at<\/p><\/div>\n<p><strong><strong><\/strong>Geschichte vor 1938<\/strong><br \/>\nDie Geschichte des Gef\u00e4ngnisses ist eng mit dem Bezirksgericht Favoriten verbunden. Dieses wurde 1882 eingerichtet, jedoch an anderer Stelle. Erst ab 1914 bezog das Gericht das heutige Geb\u00e4ude, ihm angeschlossen war ein Gefangenenhaus \u2013 das sp\u00e4tere Wehrmachtsuntersuchungsgef\u00e4ngnis X. Bis 1938 blieb diese Verbindung bestehen. Die akute Raumnot der neu aufgebauten NS-Milit\u00e4rjustiz in Wien f\u00fchrte das Objekt 1938 von der zivilen Justiz zur Wehrmachtsjustiz die so &#8211; wie man damals feststellte &#8211; \u00bbdas sch\u00f6nste und modernste Gerichtsgeb\u00e4ude Wiens\u00ab erhielt.<\/p>\n<div id=\"attachment_2363\" style=\"width: 226px\" class=\"wp-caption alignleft\"><a href=\"http:\/\/deserteursdenkmal.at\/wordpress\/wp-content\/uploads\/2015\/04\/wug_x_ansicht_2013a.jpg\"><img aria-describedby=\"caption-attachment-2363\" loading=\"lazy\" class=\" wp-image-2363  \" title=\"Die heutige Justizanstalt Favoriten, 2013. Bildquellen: privat\" alt=\"Die heutige Justizanstalt Favoriten, 2013. Bildquellen: privat\" src=\"http:\/\/deserteursdenkmal.at\/wordpress\/wp-content\/uploads\/2015\/04\/wug_x_ansicht_2013a-300x206.jpg\" width=\"216\" height=\"149\" srcset=\"https:\/\/deserteursdenkmal.at\/wordpress\/wp-content\/uploads\/2015\/04\/wug_x_ansicht_2013a-300x206.jpg 300w, https:\/\/deserteursdenkmal.at\/wordpress\/wp-content\/uploads\/2015\/04\/wug_x_ansicht_2013a-1024x704.jpg 1024w, https:\/\/deserteursdenkmal.at\/wordpress\/wp-content\/uploads\/2015\/04\/wug_x_ansicht_2013a-435x300.jpg 435w\" sizes=\"(max-width: 216px) 100vw, 216px\" \/><\/a><p id=\"caption-attachment-2363\" class=\"wp-caption-text\">Die heutige Justizanstalt Favoriten, 2013.<br \/>Bildquellen: privat M.L.<\/p><\/div>\n<p><strong>Baulichkeit<\/strong><br \/>\nAuf vier Stockwerken befanden sich auf den Stra\u00dfenseiten Hardtmuthgasse und Muhrengasse die beiden Hafttrakte, an deren Schnittpunkt befand sich ein Wachzimmer. Das Gefangenenhaus war f\u00fcr 145 Gefangene in 43 Einzel- und 20 Gemeinschaftszellen konzipiert &#8211; zu dieser Zeit waren die Zellen aber auch teils mehrfach \u00fcberbelegt. Im Erdgescho\u00df befanden sich Isolier- und Dunkelzellen, ebenso im Keller. Ein Eingang befand sich in der Hardtmuthgasse, eine Einfahrt in der Muhrengasse. Das Gefangenenhaus wurde seit seinem hundertj\u00e4hrigen Bestehen mehrfach umgebaut und erweitert.<\/p>\n<p>&nbsp;<\/p>\n<div id=\"attachment_2403\" style=\"width: 310px\" class=\"wp-caption alignright\"><a href=\"http:\/\/deserteursdenkmal.at\/wordpress\/wp-content\/uploads\/2014\/09\/wug_x_zweigstellen.jpg\"><img aria-describedby=\"caption-attachment-2403\" loading=\"lazy\" class=\"size-medium wp-image-2403\" alt=\"Ausschnitt aus einem Urteils des Gerichts der Division 177. Die elf Angeklagten wurden auf f\u00fcnf verschiedene Haftanstalten aufgeteilt. Bildquellen: Dokumentationsarchiv des \u00f6sterreichischen Widerstands \/ www.doew.at\" src=\"http:\/\/deserteursdenkmal.at\/wordpress\/wp-content\/uploads\/2014\/09\/wug_x_zweigstellen-300x227.jpg\" width=\"300\" height=\"227\" srcset=\"https:\/\/deserteursdenkmal.at\/wordpress\/wp-content\/uploads\/2014\/09\/wug_x_zweigstellen-300x227.jpg 300w, https:\/\/deserteursdenkmal.at\/wordpress\/wp-content\/uploads\/2014\/09\/wug_x_zweigstellen-1024x775.jpg 1024w, https:\/\/deserteursdenkmal.at\/wordpress\/wp-content\/uploads\/2014\/09\/wug_x_zweigstellen-396x300.jpg 396w, https:\/\/deserteursdenkmal.at\/wordpress\/wp-content\/uploads\/2014\/09\/wug_x_zweigstellen.jpg 1390w\" sizes=\"(max-width: 300px) 100vw, 300px\" \/><\/a><p id=\"caption-attachment-2403\" class=\"wp-caption-text\">Ausschnitt aus einem Urteils des Gerichts der Division 177. Die elf Angeklagten wurden auf f\u00fcnf verschiedene Haftanstalten aufgeteilt.<br \/>Bildquellen: Dokumentationsarchiv des \u00f6sterreichischen Widerstands \/ www.doew.at<\/p><\/div>\n<p><strong>Zentrale Haftanstalt<\/strong><br \/>\nDer NS-Milit\u00e4rjustiz in Wien diente das Objekt als zentrale Haftanstalt. Die von den Einheiten angezeigten Personen wurden hier ebenso eingeliefert wie die von den Gerichten zur Fahndung Ausgeschriebenen. Die Gefangenen wurde in Folge vom WUG X auf die vier Zweigstellen aufgeteilt. Die Zweigstellen in den Bezirken <a href=\"http:\/\/deserteursdenkmal.at\/wordpress\/verfolgungsorte\/wug-vii\">Wien-Neubau (WUG VII)<\/a>, <a href=\"http:\/\/deserteursdenkmal.at\/wordpress\/verfolgungsorte\/wug-xix\">Wien-D\u00f6bling (WUG XIX)<\/a>, <a href=\"http:\/\/deserteursdenkmal.at\/wordpress\/verfolgungsorte\/wug-xxi\">Wien-Floridsdorf (WUG XXI)<\/a> und <a title=\"Gericht der 2.Panzer-Division\" href=\"http:\/\/deserteursdenkmal.at\/wordpress\/verfolgungsorte\/wug-ii\">Wien-Leopoldstadt (WUG II)<\/a> waren der Favoritner Zentrale nachgeordnet und auch wesentlich kleiner. Das WUG X wies also neben einem hohen Belag einen noch h\u00f6heren Durchlauf auf. Geleitet wurde die Anstalt von einem <a href=\"http:\/\/www.doew.at\/cms\/download\/248il\/6056_hinrichtung_kagran_2_1945.pdf\">Major Weddige<\/a>. Das sonstige Personal setze sich sowohl aus Soldaten und Zivilisten zusammen, darunter auch ein Truppenarzt der die Haftf\u00e4higkeit best\u00e4tigte bzw. H\u00e4ftlinge in ein Lazarett \u00fcberwies.<\/p>\n<p>Die Bezeichnung des \u201eWUG X\u201c ist nicht immer einheitlich, es taucht in der Literatur und in den Akten als Wehrmachtsuntersuchungsgef\u00e4ngnis (WUG) und Standortarrestanstalt und den Ortszus\u00e4tzen Favoriten, X oder Hardtmuthgasse auf. Entgegen dem Eindruck, den die Bezeichnung Wehrmachtsuntersuchungsgef\u00e4ngnis suggeriert, wurden auch Haftstrafen und Arreststrafen im WUG X vollstreckt: Diese dauerten in einigen F\u00e4llen durchaus auch mehrere Jahre.<\/p>\n<p><strong>Bedeutung<\/strong><br \/>\nDie zentrale Stellung des WUG X im Netzwerk der Wiener NS-Milit\u00e4rjustiz hat f\u00fcr eine gute Akten\u00fcberlieferung gesorgt. Die Breite der Vergehen der WUG X-Insassen reicht von Selbstverst\u00fcmmelung im Heimaturlaub und Desertion an der Ostfront, bis hin zu F\u00fchrerbeleidigung durch Jugendliche in der FlAK-Stellung und putschverd\u00e4chtigen Offizieren. Durch die Rolle Wiens als Knotenpunkt als \u00bbBollwerk des deutschen S\u00fcdostens\u00ab, erstreckte sich das Einzugsgebiet der hier eingelieferten Personen von Rum\u00e4nien bis Griechenland, also weit in den von der Wehrmacht besetzten Raum. Das f\u00fchrte dazu, dass die unterschiedlichsten Personen \u00fcber ihre Haft berichten konnten: Darunter der Wiener K\u00fcnstler Roman Haller, der sich hier in Untersuchungshaft vor seinem Kriegsgerichtsprozess befand, oder etwa der sp\u00e4tere Justizminister Christian Broda, der hier 1943 drei Monate einsa\u00df.<\/p>\n<div id=\"attachment_2366\" style=\"width: 310px\" class=\"wp-caption alignleft\"><a href=\"http:\/\/deserteursdenkmal.at\/wordpress\/wp-content\/uploads\/2015\/04\/wug-x_plan_fenster.jpg\"><img aria-describedby=\"caption-attachment-2366\" loading=\"lazy\" class=\"size-medium wp-image-2366\" alt=\"Querschnitt durch das Geb\u00e4ude, zu sehen die Mauer im Gef\u00e4ngnishof, Plan: ca. 1920. Bildquellen: privat M.L.\" src=\"http:\/\/deserteursdenkmal.at\/wordpress\/wp-content\/uploads\/2015\/04\/wug-x_plan_fenster-300x208.jpg\" width=\"300\" height=\"208\" srcset=\"https:\/\/deserteursdenkmal.at\/wordpress\/wp-content\/uploads\/2015\/04\/wug-x_plan_fenster-300x208.jpg 300w, https:\/\/deserteursdenkmal.at\/wordpress\/wp-content\/uploads\/2015\/04\/wug-x_plan_fenster-432x300.jpg 432w, https:\/\/deserteursdenkmal.at\/wordpress\/wp-content\/uploads\/2015\/04\/wug-x_plan_fenster.jpg 1000w\" sizes=\"(max-width: 300px) 100vw, 300px\" \/><\/a><p id=\"caption-attachment-2366\" class=\"wp-caption-text\">Querschnitt durch das Geb\u00e4ude, zu sehen die Mauer im Gef\u00e4ngnishof, Plan der Baupolizei ca. 1920.<br \/>Bildquellen: privat M.L.<\/p><\/div>\n<p><strong>Folter und Selbstmord<\/strong><br \/>\nEs gibt vereinzelte Hinweise auf Folter im WUG X, jedenfalls kam es zu \u00dcbergriffen der Wachmannschaft auf die Gefangenen. Grunds\u00e4tzlich wurden Verh\u00f6re und Folter aber vor allem in der Rossauer Kaserne angewandt. Auch gibt es Berichte \u00fcber Selbstmorde um dem Haftalltag, den \u00dcbergriffen oder der Verurteilung zu entkommen.<\/p>\n<p><strong>Todesurteile<\/strong><br \/>\nPersonen, gegen die Todesurteile ergangen waren, verbrachten die Zeit bis zur Vollstreckung getrennt in den verschiedenen Wiener Haftanstalten. Einige Tage vor der Hinrichtung wurden sie gesammelt. Transporte brachten sie zum einen in das Landgericht I. Zum Zwecke der Abschreckung vor weiteren Desertionen lie\u00df die NS-Milit\u00e4rjustiz Massenhinrichtungen vor Publikum am Schie\u00dfplatz Kagran durchf\u00fchren. Die Verurteilten verbrachten die N\u00e4chte davor in der heutigen Starhembergkaserne (fr\u00fcher: Trostkaserne). Das \u00bbWUG X\u00ab war in diesen F\u00e4llen zentral in das Hinrichtungs-Prozedere eingebunden, der Kommandant des WUG X verlas den Hinzurichtenden vor der Hinrichtung auch das Urteil.<\/p>\n<div id=\"attachment_2367\" style=\"width: 310px\" class=\"wp-caption alignright\"><a href=\"http:\/\/deserteursdenkmal.at\/wordpress\/wp-content\/uploads\/2015\/04\/wug-x_plan_hof.jpg\"><img aria-describedby=\"caption-attachment-2367\" loading=\"lazy\" class=\"size-medium wp-image-2367\" alt=\"Aufriss des Hofes und der Zellen, unten im Bild: Isolierzellen und Dunkelkammer, Plan: ca. 1920. Bildquellen: privat M.L.\" src=\"http:\/\/deserteursdenkmal.at\/wordpress\/wp-content\/uploads\/2015\/04\/wug-x_plan_hof-300x258.jpg\" width=\"300\" height=\"258\" srcset=\"https:\/\/deserteursdenkmal.at\/wordpress\/wp-content\/uploads\/2015\/04\/wug-x_plan_hof-300x258.jpg 300w, https:\/\/deserteursdenkmal.at\/wordpress\/wp-content\/uploads\/2015\/04\/wug-x_plan_hof-348x300.jpg 348w, https:\/\/deserteursdenkmal.at\/wordpress\/wp-content\/uploads\/2015\/04\/wug-x_plan_hof.jpg 1000w\" sizes=\"(max-width: 300px) 100vw, 300px\" \/><\/a><p id=\"caption-attachment-2367\" class=\"wp-caption-text\">Aufriss des Hofes und der Zellen, unten im Bild: Isolierzellen und Dunkelkammer, Plan der Baupolizei ca. 1920.<br \/>Bildquellen: privat M.L.<\/p><\/div>\n<p><strong>Evakuierung 1945<\/strong><br \/>\nAuch als sich die Alliierten der Stadt Wien n\u00e4herten, hielt die Wiener NS-Milit\u00e4rjustiz den Betrieb weiter aufrecht: Die Verfolgung von Deserteuren, Selbstverst\u00fcmmlern usw. wurde sogar ausgebaut. Mehr und mehr Soldaten und ZivilistInnen durchliefen die die Hafteinrichtungen. Bis zuletzt wurden Verurteilte der NS-Milit\u00e4rjustiz \u201ezur Frontbew\u00e4hrung\u201c in den Osten geschickt.<br \/>\nEnde M\u00e4rz 1945 l\u00f6ste die Gef\u00e4ngnisleitung das Gef\u00e4ngnis auf. Die Insassen wurden Richtung Westen evakuiert. Ziel war das Wehrmachtsgefangenenanstalt D\u00f6llersheim\/Allensteig, ein Au\u00dfenlager des Wehrmachtsgef\u00e4ngnis Glatz (K\u0142odzko). Auf dem Weg dorthin gelang einigen die Flucht, andere wiederum wurden erschossen.<\/p>\n<div id=\"attachment_2413\" style=\"width: 156px\" class=\"wp-caption alignleft\"><a href=\"http:\/\/deserteursdenkmal.at\/wordpress\/wp-content\/uploads\/2014\/09\/wug-x_05032015_path.jpg\"><img aria-describedby=\"caption-attachment-2413\" loading=\"lazy\" class=\" wp-image-2413\" title=\"Tafel der Bezirksvertretung Favoriten, 2015\" alt=\"Tafel der Bezirksvertretung Favoriten, 2015\" src=\"http:\/\/deserteursdenkmal.at\/wordpress\/wp-content\/uploads\/2014\/09\/wug-x_05032015_path-209x300.jpg\" width=\"146\" height=\"210\" srcset=\"https:\/\/deserteursdenkmal.at\/wordpress\/wp-content\/uploads\/2014\/09\/wug-x_05032015_path-209x300.jpg 209w, https:\/\/deserteursdenkmal.at\/wordpress\/wp-content\/uploads\/2014\/09\/wug-x_05032015_path-716x1024.jpg 716w, https:\/\/deserteursdenkmal.at\/wordpress\/wp-content\/uploads\/2014\/09\/wug-x_05032015_path.jpg 1984w\" sizes=\"(max-width: 146px) 100vw, 146px\" \/><\/a><p id=\"caption-attachment-2413\" class=\"wp-caption-text\">Tafel der Bezirksvertretung Favoriten, 2015<\/p><\/div>\n<p><strong><strong>Befreiung April 1945<\/strong><br \/>\n<\/strong>Die Rote Armee stand Anfang April 1945 vor Wien. Am 6. April begann sie damit das Stadtgebiet von S\u00fcden her zu befreien und im Westen zu umfassen; noch an diesem Tag wurde der ganze Bezirk Favoriten befreit, so auch das Gef\u00e4ngnis. Die Justizwache \u00fcbernahm das Geb\u00e4ude und und unterstellte es der Kriminalpolizei, kurzzeitig waren im Geb\u00e4ude auch nationalsozialistische Parteifunktion\u00e4rInnen inhaftiert.<\/p>\n<p><strong>Aufarbeitung<\/strong><br \/>\nEnde April 2015 wurde von der Bezirksvertretung Favoriten ein Erinnerungszeichen am Geb\u00e4ude errichtet. 100 Jahre nach Geb\u00e4udeerrichtung und 75 Jahre nach Einrichtung des \u201eWUG X\u201c erinnert eine Tafel an die Geschichte des Geb\u00e4udes sowie die Leiden der Verfolgten und Opfer des NS-Regimes.<\/p>\n<div id=\"attachment_2419\" style=\"width: 477px\" class=\"wp-caption alignleft\"><a href=\"http:\/\/deserteursdenkmal.at\/wordpress\/wp-content\/uploads\/2014\/09\/wug-x_ulsamer_alle.jpg\"><img aria-describedby=\"caption-attachment-2419\" loading=\"lazy\" class=\" wp-image-2419 \" alt=\"Fallbeispiel WUG-X: Edgar Ulsamer, Herta Ulsamer, Karl Ulsamer.\" src=\"http:\/\/deserteursdenkmal.at\/wordpress\/wp-content\/uploads\/2014\/09\/wug-x_ulsamer_alle-1024x360.jpg\" width=\"467\" height=\"164\" srcset=\"https:\/\/deserteursdenkmal.at\/wordpress\/wp-content\/uploads\/2014\/09\/wug-x_ulsamer_alle-1024x360.jpg 1024w, https:\/\/deserteursdenkmal.at\/wordpress\/wp-content\/uploads\/2014\/09\/wug-x_ulsamer_alle-300x105.jpg 300w, https:\/\/deserteursdenkmal.at\/wordpress\/wp-content\/uploads\/2014\/09\/wug-x_ulsamer_alle-500x175.jpg 500w\" sizes=\"(max-width: 467px) 100vw, 467px\" \/><\/a><p id=\"caption-attachment-2419\" class=\"wp-caption-text\">Fallbeispiel WUG-X: Edgar Ulsamer, Herta Ulsamer, Karl Ulsamer.<\/p><\/div>\n<p><strong>Fallbeispiele zum WUG X Favoriten: <\/strong><\/p>\n<ul>\n<li><strong><a title=\"Fallbeispiel WUG-X (Fam. Ulsamer)\" href=\"http:\/\/deserteursdenkmal.at\/wordpress\/verfolgungsorte\/wug-x\/wug-x-fallbeispiel-ulsamer\/\">Edgar Ulsamer, Herta Ulsamer, Karl Ulsamer.<\/a><br \/>\n<\/strong><\/li>\n<li><strong><a href=\"http:\/\/www.doew.at\/cms\/download\/248il\/6056_hinrichtung_kagran_2_1945.pdf\">Protokoll der Erschie\u00dfung von vierzehn Todeskandidaten, die im WUG X einsa\u00dfen und in Kagran hingerichtet wurden (Link zum D\u00d6W)<\/a><\/strong><\/li>\n<\/ul>\n<p>&nbsp;<\/p>\n<p>&nbsp;<\/p>\n<p>&nbsp;<\/p>\n ","protected":false},"excerpt":{"rendered":"<p>\u201eDa sa\u00df schon einer drin, ein Fahrer, am Steuer. Der eine hat sich nach vorne hingesetzt und der Gefreite hinten zu mir. Das war ein Erlebnis. Nach Monaten im Gef\u00e4ngnis. Von Mai bis Oktober habe ich kaum das Tageslicht gesehen, &hellip; <a href=\"https:\/\/deserteursdenkmal.at\/wordpress\/verfolgungsorte\/wug-x\/\">Weiterlesen <span class=\"meta-nav\">&rarr;<\/span><\/a><\/p>\n","protected":false},"author":3,"featured_media":0,"parent":2771,"menu_order":0,"comment_status":"closed","ping_status":"closed","template":"showcase.php","meta":[],"categories":[32],"tags":[114,90,111,15,123],"_links":{"self":[{"href":"https:\/\/deserteursdenkmal.at\/wordpress\/wp-json\/wp\/v2\/pages\/1283"}],"collection":[{"href":"https:\/\/deserteursdenkmal.at\/wordpress\/wp-json\/wp\/v2\/pages"}],"about":[{"href":"https:\/\/deserteursdenkmal.at\/wordpress\/wp-json\/wp\/v2\/types\/page"}],"author":[{"embeddable":true,"href":"https:\/\/deserteursdenkmal.at\/wordpress\/wp-json\/wp\/v2\/users\/3"}],"replies":[{"embeddable":true,"href":"https:\/\/deserteursdenkmal.at\/wordpress\/wp-json\/wp\/v2\/comments?post=1283"}],"version-history":[{"count":57,"href":"https:\/\/deserteursdenkmal.at\/wordpress\/wp-json\/wp\/v2\/pages\/1283\/revisions"}],"predecessor-version":[{"id":3223,"href":"https:\/\/deserteursdenkmal.at\/wordpress\/wp-json\/wp\/v2\/pages\/1283\/revisions\/3223"}],"up":[{"embeddable":true,"href":"https:\/\/deserteursdenkmal.at\/wordpress\/wp-json\/wp\/v2\/pages\/2771"}],"wp:attachment":[{"href":"https:\/\/deserteursdenkmal.at\/wordpress\/wp-json\/wp\/v2\/media?parent=1283"}],"wp:term":[{"taxonomy":"category","embeddable":true,"href":"https:\/\/deserteursdenkmal.at\/wordpress\/wp-json\/wp\/v2\/categories?post=1283"},{"taxonomy":"post_tag","embeddable":true,"href":"https:\/\/deserteursdenkmal.at\/wordpress\/wp-json\/wp\/v2\/tags?post=1283"}],"curies":[{"name":"wp","href":"https:\/\/api.w.org\/{rel}","templated":true}]}}