{"id":4667,"date":"2017-09-04T10:28:32","date_gmt":"2017-09-04T08:28:32","guid":{"rendered":"http:\/\/deserteursdenkmal.at\/wordpress\/wp-content\/uploads\/2017\/09\/Gedenkfeier-Z\u00f6chling_7.jpg"},"modified":"2017-09-04T10:28:32","modified_gmt":"2017-09-04T08:28:32","slug":"patrick-zoechling-3","status":"inherit","type":"attachment","link":"https:\/\/deserteursdenkmal.at\/wordpress\/2017\/09\/3te-gedenkfeier-beim-deserteursdenkmal\/patrick-zoechling-3\/","title":{"rendered":"Gedenkfeier Ballhausplatz 2017"},"author":1,"comment_status":"closed","ping_status":"closed","template":"","meta":[],"description":{"rendered":"<p class=\"attachment\"><a href='https:\/\/deserteursdenkmal.at\/wordpress\/wp-content\/uploads\/2017\/09\/Gedenkfeier-Z\u00f6chling_7.jpg'><img width=\"300\" height=\"214\" src=\"https:\/\/deserteursdenkmal.at\/wordpress\/wp-content\/uploads\/2017\/09\/Gedenkfeier-Z\u00f6chling_7-300x214.jpg\" class=\"attachment-medium size-medium\" alt=\"\" loading=\"lazy\" srcset=\"https:\/\/deserteursdenkmal.at\/wordpress\/wp-content\/uploads\/2017\/09\/Gedenkfeier-Z\u00f6chling_7-300x214.jpg 300w, https:\/\/deserteursdenkmal.at\/wordpress\/wp-content\/uploads\/2017\/09\/Gedenkfeier-Z\u00f6chling_7-1024x731.jpg 1024w, https:\/\/deserteursdenkmal.at\/wordpress\/wp-content\/uploads\/2017\/09\/Gedenkfeier-Z\u00f6chling_7-419x300.jpg 419w\" sizes=\"(max-width: 300px) 100vw, 300px\" \/><\/a><\/p>\n<p>(c) Patrick Z\u00f6chling<\/p>\n "},"caption":{"rendered":"<p>Gedenkfeier Ballhausplatz 2017: Redebeitrag Sigi Maurer, daneben Friedrun Huemer <a href=\"https:\/\/deserteursdenkmal.at\/wordpress\/2017\/09\/3te-gedenkfeier-beim-deserteursdenkmal\/patrick-zoechling-3\/\">Weiterlesen <span class=\"meta-nav\">&rarr;<\/span><\/a><\/p>\n"},"alt_text":"","media_type":"image","mime_type":"image\/jpeg","media_details":{"width":4579,"height":3271,"file":"2017\/09\/Gedenkfeier-Z\u00f6chling_7.jpg","sizes":{"thumbnail":{"file":"Gedenkfeier-Z\u00f6chling_7-150x150.jpg","width":150,"height":150,"mime_type":"image\/jpeg","source_url":"https:\/\/deserteursdenkmal.at\/wordpress\/wp-content\/uploads\/2017\/09\/Gedenkfeier-Z\u00f6chling_7-150x150.jpg"},"medium":{"file":"Gedenkfeier-Z\u00f6chling_7-300x214.jpg","width":300,"height":214,"mime_type":"image\/jpeg","source_url":"https:\/\/deserteursdenkmal.at\/wordpress\/wp-content\/uploads\/2017\/09\/Gedenkfeier-Z\u00f6chling_7-300x214.jpg"},"large":{"file":"Gedenkfeier-Z\u00f6chling_7-1024x731.jpg","width":1024,"height":731,"mime_type":"image\/jpeg","source_url":"https:\/\/deserteursdenkmal.at\/wordpress\/wp-content\/uploads\/2017\/09\/Gedenkfeier-Z\u00f6chling_7-1024x731.jpg"},"post-thumbnail":{"file":"Gedenkfeier-Z\u00f6chling_7-1000x288.jpg","width":1000,"height":288,"mime_type":"image\/jpeg","source_url":"https:\/\/deserteursdenkmal.at\/wordpress\/wp-content\/uploads\/2017\/09\/Gedenkfeier-Z\u00f6chling_7-1000x288.jpg"},"large-feature":{"file":"Gedenkfeier-Z\u00f6chling_7-1000x288.jpg","width":1000,"height":288,"mime_type":"image\/jpeg","source_url":"https:\/\/deserteursdenkmal.at\/wordpress\/wp-content\/uploads\/2017\/09\/Gedenkfeier-Z\u00f6chling_7-1000x288.jpg"},"small-feature":{"file":"Gedenkfeier-Z\u00f6chling_7-419x300.jpg","width":419,"height":300,"mime_type":"image\/jpeg","source_url":"https:\/\/deserteursdenkmal.at\/wordpress\/wp-content\/uploads\/2017\/09\/Gedenkfeier-Z\u00f6chling_7-419x300.jpg"},"full":{"file":"Gedenkfeier-Z\u00f6chling_7.jpg","width":4579,"height":3271,"mime_type":"image\/jpeg","source_url":"https:\/\/deserteursdenkmal.at\/wordpress\/wp-content\/uploads\/2017\/09\/Gedenkfeier-Z\u00f6chling_7.jpg"}},"image_meta":{"aperture":5.5999999999999996447286321199499070644378662109375,"credit":"Patrick Z\u00f6chling","camera":"E-M5MarkII","caption":"","created_timestamp":1504273752,"copyright":"Patrick Z\u00f6chling","focal_length":"150","iso":"400","shutter_speed":"0.008","title":"Patrick Z\u00f6chling"}},"post":4657,"source_url":"https:\/\/deserteursdenkmal.at\/wordpress\/wp-content\/uploads\/2017\/09\/Gedenkfeier-Z\u00f6chling_7.jpg","_links":{"self":[{"href":"https:\/\/deserteursdenkmal.at\/wordpress\/wp-json\/wp\/v2\/media\/4667"}],"collection":[{"href":"https:\/\/deserteursdenkmal.at\/wordpress\/wp-json\/wp\/v2\/media"}],"about":[{"href":"https:\/\/deserteursdenkmal.at\/wordpress\/wp-json\/wp\/v2\/types\/attachment"}],"author":[{"embeddable":true,"href":"https:\/\/deserteursdenkmal.at\/wordpress\/wp-json\/wp\/v2\/users\/1"}],"replies":[{"embeddable":true,"href":"https:\/\/deserteursdenkmal.at\/wordpress\/wp-json\/wp\/v2\/comments?post=4667"}]}}

http://deserteursdenkmal.at/wordpress/wp-content/uploads/2017/09/Gedenkfeier-Zöchling_7.jpg

<p class="attachment"><a href='https://deserteursdenkmal.at/wordpress/wp-content/uploads/2017/09/Gedenkfeier-Zöchling_7.jpg'><img width="300" height="214" src="https://deserteursdenkmal.at/wordpress/wp-content/uploads/2017/09/Gedenkfeier-Zöchling_7-300x214.jpg" class="attachment-medium size-medium" alt="" loading="lazy" srcset="https://deserteursdenkmal.at/wordpress/wp-content/uploads/2017/09/Gedenkfeier-Zöchling_7-300x214.jpg 300w, https://deserteursdenkmal.at/wordpress/wp-content/uploads/2017/09/Gedenkfeier-Zöchling_7-1024x731.jpg 1024w, https://deserteursdenkmal.at/wordpress/wp-content/uploads/2017/09/Gedenkfeier-Zöchling_7-419x300.jpg 419w" sizes="(max-width: 300px) 100vw, 300px" /></a></p>
<p>(c) Patrick Zöchling</p>

2017/09/Gedenkfeier-Zöchling_7.jpg

Gedenkfeier-Zöchling_7-150x150.jpg

https://deserteursdenkmal.at/wordpress/wp-content/uploads/2017/09/Gedenkfeier-Zöchling_7-150x150.jpg

Gedenkfeier-Zöchling_7-300x214.jpg

https://deserteursdenkmal.at/wordpress/wp-content/uploads/2017/09/Gedenkfeier-Zöchling_7-300x214.jpg

Gedenkfeier-Zöchling_7-1024x731.jpg

https://deserteursdenkmal.at/wordpress/wp-content/uploads/2017/09/Gedenkfeier-Zöchling_7-1024x731.jpg

Gedenkfeier-Zöchling_7-1000x288.jpg

https://deserteursdenkmal.at/wordpress/wp-content/uploads/2017/09/Gedenkfeier-Zöchling_7-1000x288.jpg

Gedenkfeier-Zöchling_7-419x300.jpg

https://deserteursdenkmal.at/wordpress/wp-content/uploads/2017/09/Gedenkfeier-Zöchling_7-419x300.jpg

Gedenkfeier-Zöchling_7.jpg

https://deserteursdenkmal.at/wordpress/wp-content/uploads/2017/09/Gedenkfeier-Zöchling_7.jpg

Patrick Zöchling
